45, g*b - 4*s - 9 = -s. Let o = b - -5. Calculate the highest common factor of o and 143.
13
Let i = 93 - 44. Let o be (i/(-4))/(7/(-28)). What is the greatest common divisor of o and 7?
7
Let i = -9 + 13. Suppose 1 = i*l - 11. Calculate the greatest common factor of l and 12.
3
Let q = -6 - -9. Let f = q + 0. Let w = f - 1. Calculate the greatest common divisor of w and 22.
2
Suppose -6*v + v + 15 = 0. Calculate the greatest common divisor of v and 12.
3
Let y = -28 + 35. Calculate the greatest common divisor of y and 7.
7
Suppose 0 = -5*h + 4*h + 6. Let z = h + 6. Calculate the highest common factor of z and 36.
12
Suppose 2*r - 12 = 2. Suppose 0 = -q - 6*k + 5*k, 3 = k. Let y be 4/2*(17 + q). Calculate the greatest common divisor of y and r.
7
Let u(a) be the second derivative of -2*a - 1/6*a**3 + a**2 + 0. Let o be u(0). Calculate the greatest common factor of 22 and o.
2
Suppose y = -0*n - 5*n - 11, -5*y + 3*n + 85 = 0. Let f be 22/(-77) - (-1670)/y. Calculate the greatest common factor of f and 17.
17
Suppose 2*w = 4*w - 100. Suppose 2*k + k = 6. Suppose k*x + 15 = -3*x, 5*x = -z - 5. Calculate the highest common divisor of z and w.
10
Suppose -3*l = 3*l - 72. Suppose -4*h + 185 = -343. What is the highest common divisor of l and h?
12
Suppose 0 = -2*q + q. Suppose 2*b - 4*b + 114 = q. What is the highest common factor of b and 19?
19
Let l(b) = 8*b + 2. Let c(s) = -23*s - 6. Let u(w) = -2*c(w) - 7*l(w). Let v be u(-9). What is the highest common divisor of 11 and v?
11
Let y be (0 - -1)*30/6. Suppose y*z - 27 = -2. Calculate the highest common factor of 40 and z.
5
Let g be (-6)/(-39) + 3 + 668/52. Calculate the highest common factor of 32 and g.
16
Let t = -94 - -109. What is the greatest common factor of 120 and t?
15
Suppose -4*i - i + 2 = x, i = 0. Suppose 2*u = 5*o + 9, 0 = 2*u + o + x - 17. Calculate the greatest common factor of u and 56.
7
Let m(y) = 5*y. Suppose 0*s + 4*s = 0. Suppose 2*t + s*g + 9 = 5*g, g = t. Let q be m(t). Calculate the highest common factor of 5 and q.
5
Suppose 4*s + 243 + 37 = 5*j, 0 = -4*j + 5*s + 215. Calculate the greatest common factor of 20 and j.
20
Suppose -5*b + 4 = 9, -2*m + 269 = 5*b. Let d = m + -72. What is the highest common divisor of d and 13?
13
Let n(w) = -7*w - 5. Let p(i) = 76*i + 56. Let v(q) = 32*n(q) + 3*p(q). Let c be v(13). Calculate the greatest common divisor of c and 12.
12
Let a(u) = 3*u**3 - 3*u**2 + 2*u + 2. Let k be a(2). Suppose -g + k = g. What is the highest common factor of 99 and g?
9
Suppose 30 + 18 = t. Suppose -2*r = -5*r + t. Let h = 98 - 50. Calculate the highest common divisor of r and h.
16
Suppose 3*i - 5*g - 427 = 0, 4*i - 5*g - 347 - 224 = 0. Calculate the greatest common divisor of i and 16.
16
Let q = 1 + 9. Suppose c + 12 = 4*r, 3*r + q = 3*c + 1. Suppose -8 - c = -z. Calculate the greatest common factor of z and 8.
8
Let j be (-12)/(-2)*(2 + -1). Let k be j/8 - (-362)/8. Calculate the greatest common divisor of k and 115.
23
Let n be -2 + 9 - 14/7. Let l = 3 - -2. What is the greatest common factor of n and l?
5
Suppose 4*u + 4*h - 3*h = 181, 0 = 5*h - 5. Let j be (-8)/(1 + u/(-42)). What is the highest common factor of j and 14?
14
Let n be -3*(-15)/9 + -3. Suppose 2*i = 4*l - 62, 3*l - 2*l - n*i = 23. Calculate the greatest common factor of 117 and l.
13
Let u(p) = p**3 + 8*p**2 - p - 6. Let h be u(-8). Let m = 15 - 5. What is the greatest common factor of h and m?
2
Suppose 2*r + w - 10 = -r, -4*r - w = -14. Calculate the highest common divisor of 44 and r.
4
Let x(s) = -s**2 - s + 13. Let t be x(0). What is the greatest common divisor of 78 and t?
13
Let b(y) = -5*y + 4. Suppose -4*d - 28 = -2*d + 5*w, d - 4*w = 12. Let g be b(d). What is the highest common factor of g and 60?
12
Let a = -49 - -63. Calculate the highest common divisor of a and 98.
14
Suppose v + 5*a = 4, -v + a - 5*a = -2. Let g = -5 - v. Let s be (3 + 3)/(g/3). Calculate the greatest common factor of s and 6.
6
Let b = 8 - 4. Suppose -b*p + 77 = -131. What is the greatest common factor of p and 13?
13
Let o = 14 + -10. Suppose -3*c + o*c = 37. Suppose 4*t - 3*k = c, -3*t - 1 = -2*k - 28. Calculate the highest common factor of 7 and t.
7
Let k(j) = -j**2 + 24*j + 7. Let v be k(21). What is the highest common divisor of 14 and v?
14
Let b(t) = -t**3 + 3*t**2 + 20*t - 6. Let g be b(6). Suppose u = d + 19, -u - d + 0*d + 29 = 0. What is the greatest common factor of u and g?
6
Suppose -2*c + 186 = 2*k, -2*c = k + 2*k - 274. Calculate the greatest common divisor of 8 and k.
8
Let h(g) = 4*g**3 + 7*g**2 - 3*g - 4. Let w be h(-5). Let j be 2/(-5) - w/10. Let s = j - 22. Calculate the highest common divisor of s and 3.
3
Let n(q) = 2*q**3 - 1 - q**3 + 4. Let c be n(3). Calculate the highest common factor of 12 and c.
6
Let c = 14 + -3. What is the highest common divisor of 1 and c?
1
Let o be (-1)/(-2)*(-6)/(-1). Suppose 50 = o*c - 4*t, -3*t + 34 = -c + 2*c. What is the greatest common divisor of c and 11?
11
Let t = -535 - -289. Let h = 414 + t. Calculate the greatest common divisor of h and 24.
24
Let o = 17 - 8. Suppose 0*c = 3*c - 54. What is the highest common divisor of o and c?
9
Suppose 3*o + 2*n - 16 = 0, o + 2*n - 8 = -0*o. Calculate the greatest common divisor of o and 16.
4
Suppose -82 = -u - 72. Let t(z) = 2*z**3 - 3*z**2 + 3*z. Let c be t(2). Calculate the greatest common factor of c and u.
10
Let k = -1 - -5. Let r = -4 + k. Suppose -2*a + 24 = -r*a. Calculate the greatest common divisor of a and 108.
12
Let q(v) = v - 2. Let x be q(2). Suppose 10 = 5*j - 3*i, 4*i = 4*j - x*i. Calculate the greatest common divisor of 10 and j.
5
Let j = -8 + 15. What is the highest common divisor of 7 and j?
7
Let r(c) be the second derivative of c**4/12 + 2*c**3/3 + 3*c**2/2 - 2*c. Let h be r(11). What is the greatest common divisor of h and 24?
24
Let r = -24 + 42. Suppose -4*d + 50 = 2*j, -r - 15 = -j - 4*d. What is the greatest common divisor of 136 and j?
17
Let l(b) = -b**2 - 3*b. Let c be l(-2). Suppose -c*o + 3*o = 15. Suppose -5*n + 42 = -8. Calculate the greatest common factor of n and o.
5
Let f = -3 + 9. Suppose 33 = -5*t + 3. Let l(q) = -2*q - 8. Let h be l(t). Calculate the greatest common divisor of h and f.
2
Suppose 0 = -2*t + 16 - 2. Suppose -45 - 5 = -5*r. Suppose -5*d + 45 = r. Calculate the highest common factor of t and d.
7
Let o be (32/7)/(4/14). Let t(r) = r**3 - 4*r**2 + 2*r + 3. Let j be t(3). Suppose j = 3*w + w - 32. Calculate the highest common factor of o and w.
8
Let v = 9 - 2. Suppose 4*n = 3*n + v. Calculate the highest common divisor of n and 7.
7
Let c be (2 - 4 - -13) + 4. What is the greatest common divisor of 120 and c?
15
Let y be (45/25)/((-3)/(-10)). Let n(t) = -t**3 + 8*t**2 - 7*t + 5. Let b be n(y). Let c be -5*((2 - 4) + 1). Calculate the highest common divisor of b and c.
5
Let h = -17 - -65. Suppose 2*s + 18 = w, 3*w - 3*s - 45 = -0*w. What is the highest common factor of h and w?
12
Let x = -41 + 59. Let o be (-25)/(-2) - (-1)/(-2). Calculate the highest common divisor of o and x.
6
Suppose 3*c = -0*c + 39. Let a be ((c + -1)/(-2))/(-2). Suppose -15 = -a*s - 6. What is the highest common divisor of 2 and s?
1
Suppose -2*b = 2*b - 484. Calculate the highest common divisor of 11 and b.
11
Suppose 5*k = -3*m + 62 - 1, 0 = -3*m - k + 53. Let c = m - 12. Suppose o + 314 = c*o + 2*h, -166 = -2*o + 2*h. What is the greatest common factor of 16 and o?
16
Suppose -3*n + 2*w + 266 + 160 = 0, -w - 573 = -4*n. What is the greatest common factor of n and 16?
16
Let x(q) = -q**2 - 6*q - 3. Let b be x(-3). Let p(z) = 2*z**2 + z - 8. Let n be p(b). Calculate the highest common divisor of 14 and n.
14
Let x(u) = -18*u**3 - 4*u - 1. Let h be x(-4). Suppose 2*i + 8 = 0, 5*l - h = 2*i + i. Calculate the greatest common divisor of 21 and l.
21
Let c(n) = -28*n - 6. Let h be c(-12). Calculate the highest common factor of 30 and h.
30
Suppose 2*d - 80 = 5*o - o, -4*d + 3*o = -175. Suppose 5*r + 29 + d = q, 2*r = -10. What is the highest common factor of q and 20?
10
Let u = -46 - -72. Suppose w - 54 = -5*h + 21, 4*w - 270 = -5*h. Calculate the highest common divisor of u and w.
13
Let a be (1 - 1) + (2 - 4). Let z be 10 - (a + 0) - -3. What is the greatest common 